-14 + 17) - 22) + 1 + -42?
-44
Evaluate (3 - 92) + 8 + 3 + -5 + 5 + -7.
-85
What is (-75 + 19 + 9 - -76) + -11?
18
Calculate 20 + -94 + 32 + 68.
26
What is (119 - 83 - 51) + (90 - (3 + -4))?
76
What is 51 + (12 + (-11 - 2) - -3)?
53
What is the value of (45 - 58) + 35 - -4?
26
Calculate 8 - (-3 + 83 + (-42 - -33)).
-63
Calculate (4 - 0) + (1 - 11 - (-123 + 94)).
23
What is the value of -37 + (15 - (4 + -103))?
77
Evaluate -99 + (-12 - (8 + -45)) + -12 + 0.
-86
What is the value of (-5 + -3 - -7 - -2 - 0) + 25 - 2?
24
Evaluate 188 + 91 + -52 + -87.
140
(-94 + 190 - 108) + (7 - 0 - 1)
-6
Calculate (-10 - -2) + 14 + -18 + -10 - 2.
-24
Evaluate -9 - (40 + -33 + (-7 - (5 - 2))).
-6
71 + (-126 - -80) + -83 + -1
-59
0 + -1 + -66 + (20139 - 20127)
-55
Evaluate 60 + 60 + -57 + -98.
-35
What is the value of (-1 - (-25 - -1)) + (44 + -210 - -177)?
34
Calculate -2 + -29 - (-65 - 14 - 7).
55
Evaluate 1 + -14 - (10 - (-21 - -17 - -17)).
-10
What is the value of -256 + 59 + 43 + 109?
-45
What is the value of -3 + 81 + 58 + -59?
77
What is (-13 - (14 - (10 + -68 + (7 - 1)))) + 9?
-70
Calculate -127 + -27 + -70 + 127.
-97
Evaluate -35 - (-76 - ((4 - 38) + 4)).
11
Calculate -18 - -1 - (336 + -365) - 10.
2
-17 + -52 - (-170 + 152)
-51
What is the value of -53 - (4 - (-5 - (-6 + -15 + 6)) - 1)?
-46
Evaluate 33 + (1 + 4 - 0 - (-1068 - -1058)).
48
5 + (-2 - (-13 - (30 + -7))) + -5 + 0
34
What is 60 - 70 - (5 - (-24 + -10))?
-49
Evaluate 844 + -858 - (-2 + 27).
-39
What is the value of 32 - (7 - -1) - (-31 - 2)?
57
Evaluate (-14 - (30 - 46) - (-9 + -1)) + 115.
127
-14 + -36 + 23 + 23 + 0 - 47
-51
What is the value of -3 - (-7 - 0) - (-2 - 13)?
19
-23 + -18 + 1 + 46 - (1 - 100)
105
What is (8 - (26 - 7)) + (-50 - -6) + 1 + -2?
-56
What is (-47 - -50 - 35) + 25?
-7
What is the value of -28 + -61 + 123 - (2 + -2)?
34
Evaluate -96 + -2 + 93 + 90.
85
Evaluate 1 + 31 + -1 + -4149 + 4101 + (-1 - -38).
20
What is the value of -2 - -61 - (-4 + (4 - 1) + (31 - 41))?
70
Calculate 0 + (-14 + -3 - (-25 - -15)).
-7
38 - -17 - 18 - 42
-5
Calculate (-6 - (-1 + -1)) + -2 + -10 - -78.
62
Evaluate (2 + 6 - (-150 - -120)) + 1 + -1.
38
What is the value of -27 - (28 + -26 + 33 + 18)?
-80
Calculate (6 - 35) + -48 - -16.
-61
2 + -3 + -2 + (17 - (15 - -2)) + 46
43
What is the value of 3 + 3 + 4 + (-11 - (-7 + -7)) + 34?
47
What is 1 - ((1 - -9) + -165 + 206 + -13)?
-37
What is the value of -33 + (-4 + -13 - -5 - -5)?
-40
What is the value of 65 - (-45 - -101) - (-14 + -2)?
25
What is the value of 13 + (-20 - 1 - (-274 - -231)) + -8?
27
Calculate (0 - (1 - 2)) + (16 - -1 - (-16 + 96)).
-62
What is the value of -30 + (6 - 3 - (-5 + -5)) + (1 - 4)?
-20
What is the value of -8 + 27 + -45 - -36?
10
What is the value of (-62 - (-6 - -8 - (2 + -7) - -1)) + -5?
-75
What is the value of (0 - 4) + -4 + 13 - (-19 - 2)?
26
7 - ((137 - 156) + 1 + -3)
28
What is the value of 2 + 1 + (-24 - (-9 + -117 + 20))?
85
What is the value of (14 - -35 - 33) + (-2 - 58)?
-44
What is -10 + 2 + 11 + -56 + 51 - (3 + 1)?
-6
Evaluate -23 + 10 - (-11 - -14) - (-8 - 8).
0
What is (3 + 62 - 19) + -25?
21
Calculate -73 + 129 + (-127 - 45).
-116
What is -59 - (-44 - (28 - 39))?
-26
Evaluate -15 - (62 - 61) - (4 + (3 - 22)).
-1
Calculate -7 - (49 + -58 - -55).
-53
What is the value of -13 + -3 + -1827 + 1820?
-23
Evaluate 13 + (19 + -57 - -11) + -4 + 0.
-18
(-24 - -9 - 0) + 6 - (12 + -3 - -10)
-28
What is -7 + -15 + -8 + 1669 + -1665?
-26
What is (0 - (-9 - -67) - (-1 + 0)) + 0 + 7?
-50
What is the value of 492 + -523 + -1 + 82 + 38?
88
What is the value of -5 + -2 + 16 + (-5 - (-1 + 2))?
3
What is -52 + 53 + (-104 - (3 - -18))?
-124
Evaluate 12 - -6 - (-4 - (-1 + 9) - -38).
-8
Calculate 0 + -6 + 1 + -5 + 2 + -7 + -5.
-20
Evaluate (5 - -9) + -23 + 0 + 5 + 3 - 45.
-46
What is -3 + (-23 - -27) + (8 + -2 - 20) + -21?
-34
Calculate 9 + -6 - 16 - (1 + 4 + -11).
-7
What is -90 + 18 + 11 + 6 + 9?
-46
What is 14 - 17 - (0 - (103 - (0 + (6 - 18))))?
112
What is -29 + -118 + 21 - -208?
82
What is the value of 9 + -1 + -39 + 8 + 26?
3
-1 - 8 - (278 - 306) - (1 + -78)
96
Calculate -72 + 30 + -8 - (-29 + 33).
-54
Evaluate 3 - (-31 - -35 - 20).
19
Evaluate 35 + -4 + 7 + -34 + -90.
-86
What is -56 + -109 + 62 + (16 - (0 - (-5 + 2)))?
-90
What is the value of ((45 - 48) + 38 - 41) + 36?
30
What is (-6 - 7 - -39) + (7 - 1) - -4?
36
10 + -8 + (33 - 49)
-14
Evaluate -403 + 420 - (-1 - (-1 - 35)).
-18
What is (8 - 0) + 57 + -57 + 4 + (-11 - 53)?
-52
What is -4 + 4 - 6 - (-9 + -7 + 13 + -4)?
1
What is -138 - ((77 + -41 - 61) + (2 - 1))?
-114
What is the value of 14 + (-13 - -4) + -28 - (4 - -10)?
-37
Calculate (-5 - -10) + -25 + (-30 - -28) - -28.
6
Evaluate (6 - (-11 + 28)) + -50 + (-6 - 1).
-68
What is 127 + -73 + (89 - 110)?
33
What is the value of (10007 + -9999 - (-1 - -2 - -1)) + -2 + -21?
-17
What is the value of (-1 - (8 + (-7 - -8) + -12)) + 31?
33
What is 12 + (-35 - 35) + 79 + (-36 - 1)?
-16
-13 + -97 + (27 - 79) + 52
-110
What is 22 + 106 + -26 + 21 + -20?
103
What is (3 - -60) + -26 + (30 - -1) + -1 + 1?
68
What is the value of (102 + -199 - 4) + 116?
15
Evaluate 1 + 1 + -991 + 967 - -18 - (-139 - 0).
135
Calculate (2 - (-22 + 118) - (6 + -11)) + 8 + 1.
-80
What is (-40 - -7) + 48 + -6 + 1 + 79?
89
Evaluate (8 - 15) + (44 - 15) + -11 + -93 + 7.
-75
What is the value of 41 + 3 - (-148 + 100)?
92
What is -31 - (-3 + -25 + (-20 - -31)) - 48?
-62
(0 - -9) + 10 + -27 + (1 - -20)
13
Evaluate 3 - 11 - (-542 - -547).
-13
What is the value of 22 - 37 - (-10 - 21)?
16
-6 - (59 - 49 - (-6 + 7 - (-32 + 3)))
14
Calculate (2 - 83) + 14 + 23.
-44
Calculate (36 - 3) + 13 + 11 + -11 + -28.
18
What is the value of (-12 - (2 + -2 + -10)) + -39 + 0 + -5?
-46
Evaluate -10 + (26 - 21) - (-106 + (10 - -1)).
90
(-34 + -38 - -53) + 42
23
51 + (-41 - -10) + -5
15
Calculate -93 + 54 - (-98 - -6).
53
-32 - (-15 - ((-20 - -6) + 8)) - -176
153
Evaluate -117 + 4 + -2 + -25 - -19.
-121
Evaluate 69 + (7 - (-3 - -16) - (-2 - (11 + -9))).
67
8 - ((0 - 21) + (-364 - -343))
50
Evaluate -45 + 1 - (103 + (-98 - 24)).
-25
What is the value of -8 + -2 + (5 - (-6 - -12 - -3) - -52)?
38
Calculate 7 + -3 - (-173 - -169) - (4 + -2 - -37).
-31
What is the value of (14 - -6) + 39 + -13 + 29?
75
-64 + ((19 - 7) + -3 + -30 - -10) + 0
-75
What is (-3 - -5) + (61 + -96 - 4)?
-37
12 + -10 - 118 - (-243 + 239)
-112
Calculate (-44 - -21 - -35) + -6 + 0 + 0 - 84.
-78
Calculate (-15 - -19 - -7) + -18 - (-8 + 1) - -15.
15
Calculate 4 + 18 + (-17 - (1 + -2) - -2) + 3.
11
Evaluate -111 + -1 + 26 + (-4 - 13 - 7) + 12.
-98
Evaluate 36 + 0 + 46 + 20 + -155.
-53
(175 - 182) + ((1 - -4) + -1 - -39)
36
Calculate (-7 - (-6 - -1)) + 77 - -4 - 13.
66
Calculate (106 + -12 + -17 - 30) + (0 - -1).
48
Calculate -3 + (-2 - (-9 - 0)) - (47 + -61).
18
What is -3 - (-1 - 1) - -9 - (-10 + -20 + -15)?
53
0 + (-4 - 5) + -2 + 13 + (-5 - 2)
-5
Calculate (-2 - 0 - (-24 - -1)) + (1847 - 1838).
30
What is -47 - (103 + -41 + -75)?
-34
Evaluate (-41 - -25) + 32 + -7 + (4 - 8).
5
Evaluate -23 - (17 + -72 + 63).
-31
Evaluate 1 + (-13 + 5 + -3 - -7 - 1).
-4
What is the value of (-6 + -1 - ((-21 - 6) + 26)) + 50?
44
What is the value of 419 + -113 - 142 - 58?
106
Evaluate 1 - (-25 - (-18 - (-33 + 48))).
-7
Evaluate -20 + 1 + (451 + -422 - (4 - -146)).
-140
(0 + 17 + 0 - 0) + (1671 - 1679) + 2
11
(14 - (0 + 0)) + 55 + -80 - 2
-13
What is 73 + -32 - 54 - 65?
-78
What is -58 + 198 - 71 - (25 + 0)?
44
Evaluate (-27 - 10 - -2) + -12.
-47
-3700 + 3638 - (-1 + -2 + (1 - 0) - 3)
-57
What is the value of (-25 - (80 + -44)) + (-1 - 8) - 3?
-73
What is the value of (-72 - -113) + -57 + 48 + 2?
34
What is the value of (35 + 27 - 91) + (53 - -4)?
28
1 + -7 + 30 + -10 + 37 + -26
25
What is the value of (-1 - -14) + 872 + -848 + (-13 - 1)?
23
What is the value of -31 + (35 + 54 - 8) + 9?
59
What is the value of (-639 + 636 - ((-2 - -5) + 4)) + (16 - -1)?
7
8 + 7 + -26 + -10 - -11
-10
Calculate -146 - -164 - (5 + -1 + -2 - 21).
37
What is the value of (48 - 68) + (-113 - -79)?
-54
3 + ((-18 - -35 - 8) + -1 - -47)
58
4 + (-123 + -16 - -7) - (-6 - 14)
-108
What is 50 + -43 + (3 - -1 - 25) + 27 - -123?
136
Calculate -1285 - -1275 - (-26 - (2 - 0)).
18
Evaluate (6 - -25) + -55 + 46.
22
What is (8 - (-3 + -2 - 0)) + -48 + 68 + -35?
-2
W